323 is divided by 71.
69
What is the remainder when 169139 is divided by 1944?
11
What is the remainder when 8231285 is divided by 3762?
29
What is the remainder when 56015 is divided by 26617?
2781
What is the remainder when 38302402 is divided by 309?
307
What is the remainder when 1616478 is divided by 538665?
483
What is the remainder when 1115066 is divided by 1928?
682
What is the remainder when 36366 is divided by 1?
0
What is the remainder when 4418208 is divided by 8464?
0
Calculate the remainder when 3833051 is divided by 3707.
13
What is the remainder when 1366626 is divided by 44084?
22
Calculate the remainder when 9386039 is divided by 2271.
2267
What is the remainder when 35160 is divided by 539?
125
Calculate the remainder when 11934 is divided by 2465.
2074
Calculate the remainder when 125626288 is divided by 41875425.
13
What is the remainder when 3124462965 is divided by 3018?
3015
What is the remainder when 11977494 is divided by 397?
4
What is the remainder when 1297496329 is divided by 1059?
1057
What is the remainder when 3039432 is divided by 89?
82
What is the remainder when 5212118 is divided by 385?
373
What is the remainder when 156385187 is divided by 2484?
2483
Calculate the remainder when 145844187 is divided by 5882.
5879
What is the remainder when 12396172 is divided by 4132051?
19
Calculate the remainder when 336687449 is divided by 2514.
2513
Calculate the remainder when 1077676 is divided by 4748.
4628
What is the remainder when 53584 is divided by 10435?
1409
Calculate the remainder when 371456 is divided by 124.
76
What is the remainder when 252126 is divided by 25206?
66
What is the remainder when 8913639 is divided by 6101?
78
Calculate the remainder when 7071045 is divided by 306.
303
Calculate the remainder when 25528525 is divided by 8509499.
28
Calculate the remainder when 3472375485 is divided by 48.
45
Calculate the remainder when 81321 is divided by 393.
363
What is the remainder when 6412816 is divided by 20040?
16
What is the remainder when 56438503 is divided by 73?
13
What is the remainder when 3113073 is divided by 646?
645
What is the remainder when 729416 is divided by 729402?
14
What is the remainder when 19883781 is divided by 252?
225
Calculate the remainder when 13590396 is divided by 134.
116
What is the remainder when 11427049 is divided by 496828?
5
What is the remainder when 91899 is divided by 1531?
39
Calculate the remainder when 32285173 is divided by 374.
371
Calculate the remainder when 4964004 is divided by 32.
4
What is the remainder when 1076058 is divided by 79?
78
What is the remainder when 154453695 is divided by 15413?
22
What is the remainder when 212040 is divided by 70646?
102
Calculate the remainder when 166044 is divided by 16604.
4
Calculate the remainder when 243450 is divided by 381.
372
Calculate the remainder when 21961 is divided by 1018.
583
What is the remainder when 23023238 is divided by 106589?
14
What is the remainder when 11675879 is divided by 1738?
1733
Calculate the remainder when 15824061 is divided by 2336.
2333
Calculate the remainder when 355426064 is divided by 57.
56
What is the remainder when 3141038 is divided by 3381?
89
Calculate the remainder when 8263 is divided by 3509.
1245
What is the remainder when 1603426 is divided by 101?
51
What is the remainder when 778292 is divided by 187?
185
Calculate the remainder when 311313459 is divided by 4508.
4503
Calculate the remainder when 59338105 is divided by 71.
68
What is the remainder when 877850 is divided by 4604?
3090
What is the remainder when 1576213 is divided by 197023?
29
What is the remainder when 3166233 is divided by 102136?
17
What is the remainder when 11010351 is divided by 289746?
3
Calculate the remainder when 223609329 is divided by 31944189.
6
What is the remainder when 895375 is divided by 1973?
1606
What is the remainder when 33497 is divided by 6208?
2457
What is the remainder when 8313091 is divided by 7051?
7013
What is the remainder when 27909 is divided by 344?
45
Calculate the remainder when 4897 is divided by 801.
91
Calculate the remainder when 1287613 is divided by 1893.
373
Calculate the remainder when 937010 is divided by 340.
310
What is the remainder when 51260 is divided by 934?
824
Calculate the remainder when 4585 is divided by 270.
265
What is the remainder when 1113344 is divided by 112?
64
What is the remainder when 2600764 is divided by 2130?
34
Calculate the remainder when 587878 is divided by 8643.
154
What is the remainder when 729280 is divided by 41?
13
What is the remainder when 17369 is divided by 5723?
200
Calculate the remainder when 638088 is divided by 410.
128
What is the remainder when 24314 is divided by 72?
50
Calculate the remainder when 10467073 is divided by 269.
14
Calculate the remainder when 12289135 is divided by 260.
235
What is the remainder when 1511211 is divided by 616?
163
What is the remainder when 729215381 is divided by 3673?
3672
Calculate the remainder when 9660304 is divided by 774.
10
What is the remainder when 3815836 is divided by 1794?
1792
Calculate the remainder when 1553723 is divided by 15517.
2023
Calculate the remainder when 2596140 is divided by 3076.
3072
What is the remainder when 64580 is divided by 4607?
82
Calculate the remainder when 893558 is divided by 277.
233
Calculate the remainder when 93182332 is divided by 3862.
3858
Calculate the remainder when 5015995 is divided by 120.
115
What is the remainder when 9366807 is divided by 267622?
37
Calculate the remainder when 12498079 is divided by 19.
12
What is the remainder when 45744497 is divided by 764?
761
Calculate the remainder when 7419279 is divided by 8.
7
Calculate the remainder when 11374764 is divided by 47793.
30
What is the remainder when 16916 is divided by 703?
44
Calculate the remainder when 190237975 is divided by 45.
25
Calculate the remainder when 26763 is divided by 334.
43
Calculate the remainder when 2932 is divided by 135.
97
Calculate the remainder when 484147 is divided by 47207.
12077
What is the remainder when 514907 is divided by 25730?
307
Calculate the remainder when 7084598 is divided by 27144.
14
Calculate the remainder when 1605737 is divided by 990.
947
What is the remainder when 60556 is divided by 504?
76
What is the remainder when 10072199 is divided by 3904?
3783
Calculate the remainder when 351773 is divided by 117161.
290
What is the remainder when 11879736 is divided by 339421?
1
What is the remainder when 1379030 is divided by 3038?
2816
What is the remainder when 66304 is divided by 12272?
4944
Calculate the remainder when 2163887 is divided by 106.
3
What is the remainder when 32538175 is divided by 32538090?
85
What is the remainder when 43595 is divided by 10503?
1583
What is the remainder when 3474 is divided by 1013?
435
Calculate the remainder when 2059666 is divided by 1075.
1041
Calculate the remainder when 235684 is divided by 2480.
84
What is the remainder when 8175322 is divided by 112?
106
What is the remainder when 3179460 is divided by 103?
56
Calculate the remainder when 524429 is divided by 189.
143
Calculate the remainder when 911849 is divided by 501.
29
What is the remainder when 21898 is divided by 483?
163
What is the remainder when 391802993 is divided by 85?
83
Calculate the remainder when 607896 is divided by 202550.
246
Calculate the remainder when 45518588 is divided by 163149.
17
Calculate the remainder when 25678829 is divided by 1448.
1445
What is the remainder when 1074375100 is divided by 352?
348
Calculate the remainder when 415224 is divided by 1087.
1077
Calculate the remainder when 95881641 is divided by 169702.
11
What is the remainder when 11142892 is divided by 6136?
6052
Calculate the remainder when 177789 is divided by 140.
129
What is the remainder when 107164779 is divided by 53582341?
97
Calculate the remainder when 7364856 is divided by 1427.
109
What is the remainder when 11983 is divided by 76?
51
What is the remainder when 12643918 is divided by 1038?
40
What is the remainder when 663957 is divided by 442?
73
What is the remainder when 28446706 is divided by 116109?
1
Calculate the remainder when 5129 is divided by 1986.
1157
What is the remainder when 29197 is d